24
Evaluate -2 - (7 - -15 - 15).
-9
Calculate 9 - -1 - 7 - (14 - (2 - 2)).
-11
What is 2 + 1 + -2 + 0 + 8 + -2?
7
39 + (1 + -1 - (-301 + 310))
30
(3 - 7) + (9 - (9 - (0 + 8)))
4
What is -56 + (20 - -14) + -1 + 6?
-17
Calculate -52 - (-31 + 14) - -51.
16
What is (-33 - -22) + (-3 - (12 + -3 + -58))?
35
What is (1 - (-1 - -13)) + (1723 - 1733)?
-21
Evaluate -17 - (-8 - (-3 + (2 - 5) - -1)).
-14
What is the value of (-11 - 11) + (5 - (-5 + 0))?
-12
What is ((-5 - -13) + -1 + 2 - -2) + -1?
10
Calculate -2 - -1 - (2 - 8) - (-21 - -28).
-2
What is the value of (4 - (-7 + 18)) + (17 - 1)?
9
What is 12 - 2 - (192 + -176)?
-6
Calculate (2 - 37) + 46 + -27.
-16
What is the value of 4 - (5 - 1) - (1 + 4 + -4)?
-1
Evaluate 17 - (-2 - (1 + -3) - (-10 - -1)).
8
What is the value of (0 - (19 - 2)) + -1 + (647 - 654)?
-25
12 - 19 - (-18 - (-2 - 3))
6
What is 5 + -2 + (-10 - (-7 + 9)) + 6?
-3
Calculate (6 - -7) + 5 + -9 + -2.
7
What is the value of (27 - 18 - -9) + (4 - 4)?
18
What is 43 + 0 + (-104 - -77)?
16
Calculate 0 + -1 + 2364 + -2387.
-24
Evaluate 13 + (-1 - 1) + -3.
8
Evaluate (-9 - 5) + 29 - (-2 - (-9 + 1)).
9
(10 - -2) + 96 + -94
14
What is -3 - ((-1 - -1) + -11 + 19)?
-11
What is the value of -25 - (9 - (16 - 15) - 2)?
-31
What is the value of (-4 - -3) + 3 + -2 + 12?
12
Evaluate 24 - (49 + 0) - (-2 + -5 + -1).
-17
Evaluate 5 + -18 + 9 + -4 - (9 - 5).
-12
Evaluate -45 - -1 - (-90 - -62).
-16
-35 + 35 - (-11 - (-3 - -1 - 2))
7
Calculate -4 + (-15 - (-18 + -9)).
8
Evaluate (85 - 96) + 6 + (-1 - -27) + -2.
19
Evaluate -8 + (-3 - (-41 - (-1 + 9))) - 11.
27
Calculate (8 - -1) + (-58 + 54 - (-1 - -4)).
2
What is 19 + (18 - 47) + (-1 - -5)?
-6
What is -12 - (-16 - 5) - 21?
-12
-82 + 50 + (-6 + 4 - -12)
-22
What is -22 - 1 - (-50 + 40)?
-13
What is the value of (25 - (-21 - -9)) + -51?
-14
Calculate -4 + (-16 + 4 - -7 - -7) + 4.
2
2 + (7 - (-5 - -11)) + (-1 - -4)
6
Evaluate (15 - 30) + -1 + -2.
-18
What is the value of 5 + -17 + (28 - -4) + -2?
18
Calculate 6 + 0 + (-336 - -355).
25
What is (0 + 2 - (88 + -78)) + -2?
-10
What is the value of 10 - (-9 - 13 - -16)?
16
What is (-4 + -13 - -7) + 6 + 2 - -6?
4
What is the value of -20 + (-2 - 6) + -14 + 7 + 5?
-30
-1 - 0 - (67 + -55 + -27)
14
What is 7 - (-1 + -2) - (-9 - (23 - 25))?
17
(21 + -2 - (32 + -27) - 7) + 5
12
What is 1570 - 1562 - (0 + 0 + 40)?
-32
What is -8 + (-13 - -49 - 13) + 10?
25
What is the value of (9 - 2) + (-22 - -26 - (2 - 5))?
14
Calculate -6 - -6 - (-4 - (-1 - -2)).
5
Calculate -4 + -11 + 0 + -11.
-26
Evaluate (2 - 15) + 1 + -1.
-13
-3 - (-14 + 31 + -18 - -16)
-18
What is the value of -16 - (51 + -31) - (-17 - -3)?
-22
What is (-2 - 1 - (6 - 27)) + (-112 - -111)?
17
What is -11 - (-18 - (5 - (-15 - -6)))?
21
What is 793 - 811 - (-1 + -14)?
-3
Evaluate -6 - (14 - 10 - (21 + 6)).
17
-1 + -3 + (-6 + 5 - 5) + 3
-7
What is -9 - -20 - (7 + -4)?
8
What is -34 + -21 - -36 - (1 - 15)?
-5
Calculate 11 - (4 - (-2 + -1 - -2)).
6
What is the value of -1269 - -1259 - (1 + -2 - 9)?
0
11 - ((18 - -2) + -5 + -10)
6
What is -26 - -1 - (-2 - 26)?
3
What is the value of 29 + -5 - (107 + -74)?
-9
Evaluate (34 + -60 - -13) + 3 + 2.
-8
Evaluate (7 - 22) + -11 + 2.
-24
What is the value of -73 + 75 + -43 + 7?
-34
1 + -15 + 23 + (-17 - 2)
-10
Calculate 5 + (0 - 7 - (0 + -5)) - 13.
-10
Evaluate -17 + 2 + 33 - 28.
-10
(4 - -3 - 2) + (-10 - -12 - 6)
1
Evaluate -9 - (5 + 3 + -26) - (1 - 0).
8
What is (9 - -9) + -8 + -8 + 17?
19
What is 1 - -23 - (4 - -14 - 11)?
17
Calculate 0 - (8 + -15) - (-1 - (-14 + 6)).
0
Calculate 13 - -1 - (-70 - -74).
10
Calculate (9 + 12 - 30) + (2 - -2 - -1).
-4
Calculate 7 - (-36 + 12 + 1 + 3).
27
Calculate (-17 - (-4 + 0)) + (48 - 37).
-2
What is -31 - (-33 - -16) - -12?
-2
6 - (-31 + 25) - (17 - 2)
-3
Evaluate 0 + 25 - (-2458 - -2482).
1
What is -27 + (-49 - -83) - (0 + 24 + 1)?
-18
What is 0 + -5 + 21 + (22 - 20)?
18
What is 11 + (43 - 43) + (-38 + 0 - -1)?
-26
Evaluate (-2 - 5 - (-37 + 30)) + -4 + 7.
3
Evaluate 0 + (6 + 9 - -1 - 29).
-13
Calculate (133 - 122) + (3 - 11) + -3.
0
Evaluate (26 - 1) + -64 + -19 + 71.
13
Calculate -14 + (-5 - -6 - (-2 - (2 - 3))).
-12
What is -13 - (11 - (10 - 14))?
-28
What is the value of -5 + -2 + 20 - (-1 + 6)?
8
What is 1 + -6 + (-30 - -62) + -21?
6
What is the value of -25 + (5 - (-5 - -3)) - (0 + -1)?
-17
What is -10 - (-9 - 14 - -10)?
3
Calculate 32 + -61 + 4 - (1 + 0 - 11).
-15
What is 27 + 9 + -1 - ((-6 - -10) + 5)?
26
Evaluate (4 - 3) + -7 + (36 - 38).
-8
What is the value of (-81 - -112) + -16 + -8?
7
What is the value of (-16 - (-24 + 16)) + 9?
1
What is the value of 2 + 8 + -6 - (67 - 58)?
-5
(-10 - -22) + -11 + 11
12
131 - 145 - (4 - 1)
-17
Evaluate (23 + -18 - -3) + -11.
-3
Calculate (-2 - -9) + 0 + (-35 - -14) + 33.
19
What is (3 - (8 - 0)) + 5 - (39 - 30)?
-9
What is the value of -33 + 33 - (2 + 8 + 1)?
-11
-5 + 6 - ((-8 - -6) + 10)
-7
What is the value of (-5 - -13) + -4 + -2 + 1?
3
What is the value of 8 + (42 - 13) + -67?
-30
What is the value of 31 - (-17 - (-32 - -11))?
27
Evaluate -40 + 20 - (-2 + -19).
1
What is the value of -22 - -20 - 3 - (1 + -9) - -8?
11
Evaluate -302 - -299 - (1 + (0 - 7)) - 2.
1
Evaluate (-31 + 26 - (1 - 6) - 0) + -6.
-6
What is -4 - -1 - -7 - (20 - -11 - 26)?
-1
Calculate 8 + 13 + -13 - (4 + -1).
5
What is the value of (-13 - -8) + -4 + 4?
-5
(-10 - (-30 + (13 - 17))) + -17
7
Calculate (0 - (-7 + 2 - -11)) + 22 + -11.
5
What is 9 - (2 + -1) - (-21 - -17)?
12
What is the value of -16 + 20 - -12 - 7?
9
6 + -19 + (-38 - -38)
-13
Evaluate -5 + (-7 - -10) + -10 + (-2 - -4).
-10
What is the value of 2 + -5 - (76 + -65)?
-14
What is the value of (-16 - 0) + (-12 - -26) + -18?
-20
What is the value of (1 - (2 - 1)) + 109 + -108?
1
-1 + 7 - (15 - 19 - (0 + -21))
-11
Evaluate -8 + ((-1 - 1) + 10 - (16 - -2)).
-18
What is the value of -13 - (8 + (1 - (12 + 11)))?
1
Calculate -15 + 1 + 18 + -3.
1
Calculate 10 + -1 + (-19 - (1 + -18)).
7
What is the value of 5 + -57 + 15 - -63?
26
Calculate -3 - (-21 + 29 - ((3 - 3) + 3)).
-8
Calculate -8 + -8 + 3 + -1 + -5 + 5.
-14
Calculate (6 + 2 - (20 - 11)) + (2 - -1).
2
What is (1 - -2) + (3 - -1) + -1?
6
What is the value of -6 + 2 + -2 + (20 - 9) + -4?
1
What is the value of 26 - (0 - 20 - -11 - (-2 - 10))?
23
What is 69 - (-53 + 22 - -71)?
29
Evaluate -28 - (10 - (-7 + 4 + 6 + 0)).
-35
33 - (13 - (3 - 8))
15
-15 - (-6 + -9 + 7) - -16
9
Evaluate (13 - 6 - 8) + 6 - (1 - 0).
4
What is the value of (488 - 497) + (5 - (-2 + 2))?
-4
Calculate -16 - -9 - -28 - 13.
8
Calculate -3 + (12 - 7) + (3 - -13) + -6.
12
What is the value of 1 + -16 - (14 - (14 + -21 - -25))?
-11
Calculate -3 + -8 + 2 + (13 - 6) + -6.
-8
What is the value of (152 - 159) + 1 + 0 + 2 + 13?
9
What is the value of -13 - (-1 - (-19 - -15))?
-16
Evaluate 59 + (19 - 60) - -12.
30
Calculate 4 + 5 + -8 + 3 + (-1 - 0).
3
Evaluate -22 + 1 + (5 - -14).
-2
What is the value of (-5 - -3 - 2) + 162 + -174?
-16
What is the value of (3 - (-5 + (8 - -7))) + -4?
-11
What is -3 - (-13 + 13 - (4 + 4 - 4))?
1
Evaluate (-16 - -25) + (5 - -1) - (0 + -5).
20
Evaluate (17 - (117 + -46)) + 39.
-15
Evaluate 21 + -29 + 13 - 19.
-14
Evaluate (74 - 77) + (-3 - -1).
-5
1 + 0 - -4 - (-760 + 773)
-8
What is -6 - (-10 - (-10 - -5 - -2 - -6))?
7
What is the value of -10 + 2 + 0 + (7 - 1)?
-2
Calculate (28 - 3) + -44 - -29.
10
What is 8 - (-14 + 26 - (2 - -3) - 2)?
3
Calculate (-4 - (5 + -2)) + 10 + -10.
-7
-1 + (3 - (146 - 145 - (1 - 10)))
-8
Calculate 6 - -1 - (1 - (1 + 0 + -1)).
6
What is ((-3 - 2) + -2 - -4) + 1?
-2
-19 + (-12 - -1 - -11) + 9 + -17
-27
Calculate -29 + 1 - (-345 + 327).
-10
What is the value of 6 + 0 + -1 + (-38 - -66 - 9)?
24
Evaluate 22 + -16 + (-4 - -25 - 16).
11
42 - 60 - (1 + -23)
4
Evaluate (20 - 19) + (-22 - 1 - (11 - 7)).
-26
What is the value of -6 + (-20 - (-9 + -1) - -1) + 4?
-11
What is (-6 - -3 - (-9 - -13)) + -3?
-10
What is the value of 9 + (-10 - (-25 + 5))?
19
What is the value of -19 + 31 + -17 - 32?
-37
Evaluate 7 + (10 - 21 - -12).
8
Evaluate 2 + -9 + -2 + -3 + -8 + 7.
-13
0 - 1 - -15 - (38 + 29 + -72)
19
Calculate -111 - -109 - ((-27 - -1) + 3).
21
What is 2 + -1 - ((-26 - -17) + -6)?
16
Evaluate 3 + 1 + (-11 - -9) - (19 - 23).
6
Evaluate -1 + 11 + 24 + -2 + -25.
7
Calculate 6 - (12 + -2 + 6 - -4).
-14
W